{"id":173,"date":"2021-09-16T15:04:37","date_gmt":"2021-09-16T13:04:37","guid":{"rendered":"https:\/\/www.maxime-perrier.fr\/?page_id=173"},"modified":"2025-10-22T09:10:17","modified_gmt":"2025-10-22T07:10:17","slug":"qcm-2","status":"publish","type":"page","link":"https:\/\/www.maxime-perrier.fr\/?page_id=173","title":{"rendered":"QCM"},"content":{"rendered":"\n<h5><b>Qmax :<\/b>  <\/h5>\n\n\n\n<p>\nIdentifiant : votre adresse mail utilis\u00e9 pour cahier de pr\u00e9pa <br>\nMot de passe Qmax : 4NMnK9sS <br>\n<a href=\"https:\/\/appli.qmax.fr\/challenge_2017\/web\/login-exam\"> Acc\u00e8s QCM <\/a> \n<\/p>\n\n\n\n<p><\/p>\n","protected":false},"excerpt":{"rendered":"<p>Qmax : Identifiant : votre adresse mail utilis\u00e9 pour cahier de pr\u00e9pa Mot de passe Qmax : 4NMnK9sS Acc\u00e8s QCM<\/p>\n","protected":false},"author":1,"featured_media":0,"parent":0,"menu_order":0,"comment_status":"closed","ping_status":"closed","template":"","meta":[],"blocksy_meta":{"styles_descriptor":{"styles":{"desktop":"","tablet":"","mobile":""},"google_fonts":[],"version":6}},"_links":{"self":[{"href":"https:\/\/www.maxime-perrier.fr\/index.php?rest_route=\/wp\/v2\/pages\/173"}],"collection":[{"href":"https:\/\/www.maxime-perrier.fr\/index.php?rest_route=\/wp\/v2\/pages"}],"about":[{"href":"https:\/\/www.maxime-perrier.fr\/index.php?rest_route=\/wp\/v2\/types\/page"}],"author":[{"embeddable":true,"href":"https:\/\/www.maxime-perrier.fr\/index.php?rest_route=\/wp\/v2\/users\/1"}],"replies":[{"embeddable":true,"href":"https:\/\/www.maxime-perrier.fr\/index.php?rest_route=%2Fwp%2Fv2%2Fcomments&post=173"}],"version-history":[{"count":17,"href":"https:\/\/www.maxime-perrier.fr\/index.php?rest_route=\/wp\/v2\/pages\/173\/revisions"}],"predecessor-version":[{"id":1250,"href":"https:\/\/www.maxime-perrier.fr\/index.php?rest_route=\/wp\/v2\/pages\/173\/revisions\/1250"}],"wp:attachment":[{"href":"https:\/\/www.maxime-perrier.fr\/index.php?rest_route=%2Fwp%2Fv2%2Fmedia&parent=173"}],"curies":[{"name":"wp","href":"https:\/\/api.w.org\/{rel}","templated":true}]}}